 x(-6). Let d = w + 14. What is the remainder when d is divided by ((-6)/4)/((-9)/12)?
1
Calculate the remainder when 5*(976/(-20))/(-4) is divided by 8.
5
Let l(z) be the third derivative of -z**4/12 - 2*z**3 + 2*z**2. Let n(y) = y - 1. Let j(t) = -l(t) - 3*n(t). Calculate the remainder when 22 is divided by j(7).
6
Suppose 126 - 26 = 5*y. Let h be -13 + -2 + 1 + 2. Let i = h + 23. Calculate the remainder when y is divided by i.
9
Suppose 2*o - 3*q = -9, 6*o = 4*o - 3*q + 21. Calculate the remainder when 11 is divided by o.
2
Let d(q) = -4*q + 5*q + 2 + 7*q. Suppose 3*h - j - 35 = -2*h, -2*h + 4*j + 14 = 0. Calculate the remainder when d(h) is divided by 15.
13
Let i be 1/(-3) - 1300/(-39). Suppose 2*h = h + i. Calculate the remainder when h is divided by 17.
16
Let p = 323 - 91. What is the remainder when p is divided by 18?
16
Suppose -u + 5*u - 128 = 0. What is the remainder when 126 is divided by u?
30
Suppose -q = -3*m + 9 - 68, -170 = -3*q + 2*m. Suppose 5*r - q = r. What is the remainder when r is divided by 4?
2
Let h(z) = -3*z**3 + z**2. Suppose -4*o + 1 = f - 2, -4*f = -2*o + 24. What is the remainder when (o/(-1) - 0) + 13 is divided by h(-1)?
3
Let k(d) = 13*d**3 - d**2 + 2*d - 1. What is the remainder when 63 is divided by k(1)?
11
Suppose 8*z - 435 = 3*z. What is the remainder when z is divided by 13?
9
Suppose -p - 11 = -4*l + 2, -20 = 4*p. Let d = -7 - -12. Suppose 3*b = 5*a - 7, -2*b + 7*b - 5*a = -d. What is the remainder when l is divided by b?
0
Let q = 12 + -2. Let o(g) = -g**3 - g**2 - 3*g + 2. Suppose 3 = n - 2*r, -4 = 5*n - 4*r - 1. What is the remainder when o(n) is divided by q?
9
Suppose 3*x - 3 = 5*v + 64, 4 = v. Suppose 4*q - 31 = 1. Calculate the remainder when x is divided by q.
5
Let x(m) = -9*m**3 + m**2. Let c = 56 + -37. Calculate the remainder when c is divided by x(-1).
9
Let v(k) = k**3 + 7*k**2 - 5*k - 2. What is the remainder when v(-7) is divided by 17?
16
Let u(o) = o**3 + 4*o**2 - o + 4. What is the remainder when (-5)/10*(-188)/2 is divided by u(-3)?
15
Let u = 9 + -1. Suppose u + 84 = 4*i. Calculate the remainder when i is divided by 8.
7
Calculate the remainder when 43 is divided by 2*-5*6/(-4).
13
Suppose 0 = -2*p + 9 + 1. Suppose 4*o - 312 = x - 0*x, p*x = 0. What is the remainder when o is divided by (5/4)/((-6)/(-96))?
18
Let g(c) = -c - 7. Calculate the remainder when 77 is divided by g(-13).
5
Suppose 5*r + 25 = 0, 0*y - y + 19 = -r. Calculate the remainder when 51 is divided by y.
9
Let v(s) = 2*s**3 - 5*s**2 - s + 1. Calculate the remainder when v(4) is divided by 12.
9
Let v(a) = -a**3 + a**2 + 6. Let f be v(0). Let i(h) = -h**2 - f*h + 0 + h + 3. What is the remainder when i(-4) is divided by 4?
3
Let c(r) = r**3 - 11*r**2 - 7*r - 5. Calculate the remainder when c(12) is divided by 14.
13
Let s(m) = m**2 - m + 2. Let q be s(-2). Let k = -11 + q. Calculate the remainder when 33 is divided by k/(3/(-1))*18.
15
Suppose 5*b + 199 = 519. Suppose -2*q + 89 = -q. Suppose -4*s - k = -q, 0 = 3*s - 3*k - 0*k - 63. What is the remainder when b is divided by s?
20
Let d = 6 - 4. Suppose f - d + 1 = 0. What is the remainder when 0/f + 1 + 27 is divided by 10?
8
What is the remainder when 0 - 0 - (-195)/5 is divided by 11?
6
Let k = 1 - 0. Let j = k + -1. Suppose j*b - 56 = -4*b. What is the remainder when 40 is divided by b?
12
Suppose -2*y - 2*v = -40, -2*y = -6*y - 2*v + 72. Calculate the remainder when 63 - (-3 - (-2 - 3)) is divided by y.
13
What is the remainder when 25 is divided by ((-26)/(-4))/((-12)/(-24))?
12
Suppose -3*x - 2*j = 3*j - 222, -3*x - 2*j + 213 = 0. Suppose -2*h + 47 = -1. What is the remainder when x is divided by h?
21
Suppose -30 = -2*p - 0*p + 2*w, p = -2*w + 9. Calculate the remainder when p is divided by 7.
6
Let i = -15 - -15. Let a(m) = -m**2 - m + 8. What is the remainder when 23 is divided by a(i)?
7
What is the remainder when 43 is divided by (-198)/(-27)*1/((-4)/(-6))?
10
Let a(g) = 3*g**2 - g + 1. Calculate the remainder when 44/10 - (-33)/55 is divided by a(1).
2
Suppose 4*s = 21 + 19. Let w be -4*(-1 + (-3)/(-6)). What is the remainder when s is divided by (2 - w)/(-3) + 4?
2
Suppose 0 = 4*w + w - 25. Suppose 20 = 5*u, 0 = -v + 2*u - 1 + 2. Calculate the remainder when v is divided by w.
4
Suppose 2*n - 351 = -n. Suppose -91 - 59 = -5*x. Calculate the remainder when n is divided by x.
27
Suppose -2*d - 195 = -17*d. Calculate the remainder when 47 is divided by d.
8
Suppose -5*t - 15 = h, 4*h + 2*t - 32 = 5*t. Suppose 8 = 2*a + 2*a. Calculate the remainder when h is divided by a.
1
Let c = -28 - -74. Calculate the remainder when 183 is divided by c.
45
Let n(k) = -k**3 - 3*k**2 - 5*k - 14. Let b be n(-6). Suppose -3*p = -2*w - 0*p + 51, 0 = 3*w + 5*p - b. What is the remainder when w is divided by 17?
16
Suppose -v - 60 = -5*i, -3*i = -0*i - 2*v - 43. Calculate the remainder when 44/2 + -3 + 2 is divided by i.
10
Calculate the remainder when 79 is divided by 3 + (-24)/(-4) + 1.
9
Let i be 5/(-25) + 2/10. Suppose 0 = -i*v + 4*v - 32. What is the remainder when (-2)/4 - (-47)/2 is divided by v?
7
Let u(x) = -122*x**3 - x. Let j be u(-1). Let v = j + -86. What is the remainder when v is divided by 13?
11
Let h(l) = l + 89. Let a be h(0). Suppose -2*g + 3*s + a = 0, -s + 0*s + 117 = 3*g. What is the remainder when g is divided by (-448)/(-21) + 1/(-3)?
19
Let v(p) = 3*p + 1. Let m be v(-5). Let s = 27 - m. What is the remainder when s is divided by 22?
19
Let c(u) = u**3 - 3*u**2 - 4*u + 1. What is the remainder when c(4) is divided by 1?
0
Let d(r) be the first derivative of -r**3/3 - 4*r**2 - 6*r - 1. Let a be d(-4). Let s = a + 10. What is the remainder when s is divided by 7?
6
Suppose 0 = -35*q + 36*q - 71. Calculate the remainder when q is divided by 19.
14
Suppose -3*f + 9 = -2*d + 1, 4*f - 8 = 4*d. Suppose -f*i = 1 - 17. Calculate the remainder when 11 is divided by i.
3
What is the remainder when 134 is divided by ((-18)/(-8))/(4/96*2)?
26
Let r = 1 + 0. What is the remainder when 6/1 + (2 - 5) is divided by r?
0
Suppose 2*g - 5 = -1. Let n = -13 + g. Let h = n + 24. Calculate the remainder when 24 is divided by h.
11
Let j = -8 - -26. What is the remainder when j is divided by 10?
8
Suppose -3*n - 43 = -5*x, 4*n - 60 = 2*x - 6*x. Suppose 2*k - 18 = -k. Calculate the remainder when x is divided by k.
5
Suppose 0*f + 5*f = 85. Calculate the remainder when 65 is divided by f.
14
Suppose -3*i + 2*c + 1 = -25, 29 = 2*i + c. Let m(z) = 9*z - 4. What is the remainder when m(3) is divided by i?
11
Let y(f) = 10*f - 6. What is the remainder when 133 is divided by y(4)?
31
What is the remainder when 20 is divided by ((-2)/(-4) - 1)*-16?
4
Suppose 2*c + 2*c = 104. Let o = c + -10. What is the remainder when o is divided by 9?
7
Let g = -184 + 190. Suppose -4*l - 70 = -9*l. What is the remainder when l is divided by g?
2
Suppose 12*k = 7*k + 75. What is the remainder when 12 is divided by (-2)/(3 + (-51)/k)?
2
Let k(w) = w**2 + 5*w - 3. Let c be k(4). Suppose -5*n = m - c - 19, 0 = -2*n - 5*m + 30. What is the remainder when 28 is divided by n?
8
What is the remainder when (-2)/(-1) - (3 + -47) is divided by 4?
2
Let h(r) = 2*r**2 - 12*r + 9. What is the remainder when h(7) is divided by 5?
3
Let q = -7 - -13. Calculate the remainder when (25/(-3))/((-1)/q) is divided by 3/81*453 - (-2)/9.
16
Let g = -10 - -5. Let c(y) = -5*y + 5. Calculate the remainder when c(g) is divided by 16.
14
Suppose 3*q + 2*q - 90 = 0. Suppose 3*t - t - q = 0. Let v = 33 - 8. What is the remainder when v is divided by t?
7
Let z be -20 + 0 + (1 - -2). Let o = 48 + z. What is the remainder when o is divided by 8?
7
Let x(v) = 3*v - 21. What is the remainder when x(9) is divided by 3?
0
Let v(x) = -x - 3. Suppose -19 = 4*l + a, 5*a - 25 = 5*l + 30. Let u be v(l). Suppose u*j - 95 = -2*j. What is the remainder when j is divided by 10?
9
Let v be 2/(-3)*1*-3. Suppose 59 = 2*x + 43. Calculate the remainder when 6/v*44/6 is divided by x.
6
Let u(a) = -6*a**3 - 31*a**2 - 10*a - 35. Let z(s) = s**3 + 6*s**2 + 2*s + 7. Let y(l) = 2*u(l) + 11*z(l). What is the remainder when y(4) is divided by 6?
3
Calculate the remainder when 130 is divided by 1 - 40/(-15)*12.
31
Suppose 4*m - 24 = -3*x, -2*x + 0*